24).
-20
Let h(x) = -19*x - 4. Determine h(1).
-23
Let z(d) = d - 5. What is z(6)?
1
Let h(q) = 36*q + 1. Calculate h(-5).
-179
Let v(b) = b**2 - 5*b - 3. What is v(4)?
-7
Let j(o) = 6*o**2 + 3*o + 3. Calculate j(-1).
6
Let r(q) = -q**3 + 3*q**2 + q + 12. Determine r(4).
0
Let o(q) = -5*q + 48. Give o(10).
-2
Let h(u) = -u + 3. Calculate h(2).
1
Let b(r) = 53*r**2 - 3*r + 1. Give b(1).
51
Let u(q) = -12*q - 199. Give u(-17).
5
Let u(s) = -2*s**3 + 18*s**2 + 14*s + 7. Determine u(10).
-53
Let m(y) = -3*y**2 + 39*y + 16. What is m(13)?
16
Let f(a) = a**3 - 7*a**2 - 9*a + 1. Give f(6).
-89
Let n(j) = -28*j + 3. What is n(-1)?
31
Let p(g) = g**3 - 18*g**2 + 20*g - 45. What is p(17)?
6
Let b(q) = q**3 - 18*q**2 + 30*q + 31. Determine b(16).
-1
Let d(f) = 53*f - 208. What is d(4)?
4
Let y(i) = -8*i + 18. Give y(0).
18
Let l(z) = -z**2 - 9*z - 15. Determine l(-6).
3
Let d(t) = -18*t - 306. Give d(-17).
0
Let p(j) = -7*j**3 + 3*j**2 + 2*j. Give p(-1).
8
Let p(d) = 3*d + 14. What is p(-6)?
-4
Let y(r) = -8*r**2 - 8*r + 22. What is y(2)?
-26
Let d(m) = m**3 - 5*m**2 - 5*m - 13. Give d(6).
-7
Let i(u) = u**2 - 4*u + 12. What is i(5)?
17
Let q(h) = h**2 - 18*h - 15. Give q(19).
4
Let z(p) = -p**3 + 5*p**2 + 16*p - 5. What is z(7)?
9
Let s(q) = q**3 - 20*q**2 - 20*q - 26. What is s(21)?
-5
Let l(f) = 4*f + 9. What is l(-4)?
-7
Let u(l) = 114*l + 331. Give u(-3).
-11
Let l(y) = -y**3 + 8*y**2 - 8*y + 43. What is l(8)?
-21
Let r(o) = -44*o - 93. Calculate r(-2).
-5
Let d(v) = 11*v + 19. Calculate d(-1).
8
Let v(y) = y**2 + y + 32. Give v(0).
32
Let r(w) = -3*w**2 - 7*w + 83. Calculate r(4).
7
Let w(i) = -i**3 + i**2 - i + 1. Determine w(1).
0
Let x(y) = -79*y - 1347. Calculate x(-17).
-4
Let z(u) = -2*u**2 - 30*u - 21. What is z(-14)?
7
Let n(d) = -20*d**2 + 2. Give n(-1).
-18
Let v(p) = 9*p - 11. Determine v(3).
16
Let d(w) = w**3 + 3*w**2 - 6*w - 3. Calculate d(-5).
-23
Let y(r) = -7*r - 52. Determine y(-6).
-10
Let f(b) = -b**2 - 2*b - 8. Give f(0).
-8
Let r(l) = 32*l + 20. Give r(3).
116
Let v(y) = -y**3 - y**2 - 3. What is v(2)?
-15
Let z(v) = -v**3 - 16*v**2 - 17*v - 20. Give z(-15).
10
Let v(m) = -5*m**3 - m**2 + m - 1. Give v(1).
-6
Let h(i) = -3*i**2 - 2*i - 10. Calculate h(-5).
-75
Let l(x) = -x**2 + 2*x + 17. Give l(0).
17
Let r(s) = -7*s + 162. Determine r(23).
1
Let i(n) = -7*n + 4. Give i(-1).
11
Let o(c) = c**3 + 12*c**2 + 11*c + 6. What is o(-11)?
6
Let k(f) = -5*f**2 - 14*f - 2. Calculate k(-3).
-5
Let i(q) = 2*q**2 - 2*q - 9. Calculate i(4).
15
Let a(z) = z**2 + 11*z. What is a(-7)?
-28
Let f(x) = -x - 8. What is f(-6)?
-2
Let n(f) = 2*f**2 + 3. Calculate n(4).
35
Let v(y) = -y**3 + 25*y**2 - 26*y + 37. Give v(24).
-11
Let w(t) = t**2 - 12*t + 23. Give w(12).
23
Let c(m) = m**2 + 26*m - 196. What is c(-32)?
-4
Let z(x) = -x + 13. Determine z(5).
8
Let s(b) = -b**2 - 24*b - 7. Give s(-18).
101
Let w(h) = -6*h - 7. Determine w(-4).
17
Let y(d) = d**2 - 9*d + 11. What is y(7)?
-3
Let g(x) = 110*x**3 - 3*x**2 - 3*x - 1. Determine g(-1).
-111
Let g(r) = r**3 + 5*r**2 + 3*r - 3. What is g(-4)?
1
Let j(c) = 10*c - 14. Calculate j(1).
-4
Let f(u) = u**2 + 2*u + 2. Calculate f(-5).
17
Let c(z) = -2*z**3 - 5*z**2 - 5*z - 4. Determine c(-3).
20
Let z(t) = -2*t**3 + 3*t**2 + 6*t - 13. Give z(3).
-22
Let n(w) = w**3 + 7*w**2 - 6*w + 15. What is n(-8)?
-1
Let l(p) = -19*p + 308. Calculate l(16).
4
Let n(k) = -k - 46. What is n(-6)?
-40
Let r(k) = -k**3 - 34*k**2 - 34*k - 26. Calculate r(-33).
7
Let p(a) = -29*a. Calculate p(1).
-29
Let f(d) = d**3 + 2*d**2 - 42*d + 19. Determine f(-8).
-29
Let h(l) = -l**3 - 9*l**2 + 14*l + 20. What is h(-10)?
-20
Let z(s) = 80*s + 160. Give z(-2).
0
Let j(r) = -r**2 + 8*r - 58. Give j(0).
-58
Let j(b) = -b**3 - 26*b**2 + 50*b - 164. Calculate j(-28).
4
Let t(x) = 2*x**3 + 17*x**2 - 12*x - 17. Determine t(-9).
10
Let g(v) = v**3 + 7*v**2 - 6*v - 1. Determine g(-8).
-17
Let z(d) = d**3 - 12*d**2 - 5*d - 102. Give z(13).
2
Let j(v) = -2*v**2 + 27*v + 163. Give j(18).
1
Let n(o) = -o**3 + 3*o**2 + 3*o - 9. What is n(3)?
0
Let n(t) = -t**3 - 6*t**2 + 2*t + 7. Determine n(-6).
-5
Let v(k) = -18*k**2 + k + 1. Calculate v(1).
-16
Let l(n) = 17*n**2 - 3*n - 1. Give l(1).
13
Let b(c) = -3*c**2 + 36*c + 4. Calculate b(12).
4
Let q(z) = -z**3 + 11*z**2 + 16*z + 2. Determine q(12).
50
Let w(c) = -4*c**2 + 14*c + 11. Calculate w(-6).
-217
Let h(s) = 8*s - 52. Calculate h(6).
-4
Let s(t) = 5*t**3 - t**2 - 2*t - 2. Give s(-1).
-6
Let i(x) = -x**2 - 15*x + 22. Determine i(-16).
6
Let x(u) = u**2 - 18*u + 29. Calculate x(15).
-16
Let h(d) = -d**3 + 8*d**2 - 2*d + 23. What is h(8)?
7
Let b(i) = i + 3. Give b(-5).
-2
Let l(g) = -g**3 + 6*g + 4. Calculate l(3).
-5
Let g(a) = -a**3 - 3*a**2 - a + 3. What is g(-2)?
1
Let y(s) = -s**2 - 5*s + 9. Determine y(-6).
3
Let b(u) = u**2 - 8*u - 15. Calculate b(-2).
5
Let g(p) = -11*p - 52. Calculate g(12).
-184
Let p(x) = 6*x**2 - 36*x - 13. Give p(6).
-13
Let q(d) = -3*d + 13. Give q(-8).
37
Let m(b) = 8*b - 73. Determine m(8).
-9
Let v(a) = -2*a**2 + 13*a + 35. Give v(12).
-97
Let z(c) = 17*c + 183. Give z(-10).
13
Let t(f) = f**2 + 23*f + 75. Give t(-19).
-1
Let c(t) = -15*t + 27. Determine c(4).
-33
Let f(q) = -q**3 - 7*q**2 + 7*q - 7. What is f(-8)?
1
Let q(t) = t**3 + 7*t**2 - 2*t - 6. Give q(-8).
-54
Let n(y) = -y - 10. Give n(-15).
5
Let g(k) = k**3 + 15*k**2 + 4*k + 36. Calculate g(-15).
-24
Let t(l) = l**2 - 25*l + 49. Calculate t(22).
-17
Let o(i) = 7*i - 2. Determine o(3).
19
Let g(r) = r**3 - r**2 - 7*r - 7. What is g(0)?
-7
Let w(o) = o**3 + 4*o**2 - 4*o - 4. What is w(-6)?
-52
Let k(j) = j**3 + 5*j**2 + 2*j - 2. Give k(-3).
10
Let t(u) = u + 9. Give t(6).
15
Let z(i) = -i**2 + 7*i + 26. What is z(13)?
-52
Let q(y) = -2*y**2 + 10*y + 78. What is q(9)?
6
Let u(l) = -6*l + 7. Determine u(4).
-17
Let a(r) = r**3 - 8*r**2 - 2*r + 8. Calculate a(7).
-55
Let b(a) = -12*a + 19. What is b(7)?
-65
Let j(p) = p**3 - 8*p**2 + 6*p. Determine j(6).
-36
Let c(w) = -34*w**3 + 2*w**2 - 1. Give c(1).
-33
Let q(m) = -5*m**2 + 55*m + 10. What is q(11)?
10
Let y(p) = 2*p**2 - 6*p + 11. What is y(5)?
31
Let y(n) = 12*n**3 + n**2 - 1. Determine y(-1).
-12
Let i(o) = -32*o**2 + o - 1. What is i(1)?
-32
Let z(r) = -r**3 - 2*r**2 + 3*r + 1. What is z(-3)?
1
Let c(t) = t**3 - 18*t**2 - 145*t - 8. Determine c(-6).
-2
Let n(a) = -17*a + 122. What is n(7)?
3
Let k(j) = j**3 + 33*j**2 - 36*j - 51. What is k(-34)?
17
Let g(y) = 6*y - 23. Determine g(6).
13
Let b(o) = 2*o**2 + 23*o + 25. Determine b(-10).
-5
Let r(q) = q**3 - 3*q**2 - 2*q + 2. Give r(4).
10
Let q(o) = -o**3 - 4*o**2 + 27*o + 114. Calculate q(-4).
6
Let o(n) = 12*n - 4. Give o(1).
8
Let o(f) = f**2 + 312*f - 1904. Calculate o(6).
4
Let p(y) = 6*y**2 - 9*y + 2. Calculate p(2).
8
Let o(l) = l**2 - 5*l - 25. Calculate o(11).
41
Let u(c) = -2*c**3 - 4*c**2 - 3*c + 1. Give u(0).
1
Let r(o) = -o**2 - 9*o - 4. Calculate r(-5).
16
Let q(w) = 95*w + 944. Give q(-10).
-6
Let d(f) = f**3 - 12*f**2 - 12*f + 4. Give d(13).
17
Let x(c) = c**2 + 11*c + 6. Give x(-11).
6
Let k(j) = -j**2 + 8*j - 1. Determine k(5).
14
Let g(k) = -4*k + 70. Calculate g(12).
22
Let c(s) = -37*s + 150. What is c(4)?
2
Let u(d) = -4*d - 43. What is u(-9)?
-7
Let u(d) = -d**3 - 11*d**2 + 12*d - 10. Give u(-12).
-10
Let s(m) = -m**3 + 17*m**2 + 17*m + 26. Give s(18).
8
Let q(u) = -u**2 - 53*u + 193. Calculate q(-56).
25
Let m(g) = -14*g**3 + g**2 + g. Give m(-1).
14
Let j(w) = -w**2 - 20*w + 28. What is j(-22)?
-16
Let i(m) = 5*m + 10. Determine i(13).
75
Let l(v) = v**3 + 3*v**2 + 15*v + 34. What is l(-3)?
-11
Let h(o) = -13*o + 23. What is h(1)?
10
Let g(f) = -f + 11. What is g(7)?
4
Let y(p) = -p**3 + 13*p**2 + 2*p - 26. What is y(13)?
0
Let l(b) = 20*b**2 - b - 2. What is l(2)?
76
Let f(b) = -7*b - 89. Determine f(-13).
2
Let w(j) = -20*j + 27. What is w(3)?
-33
Let x(u) = u**3 + 13*u**2 + 11*u - 4. Give x(-12).
8
Let h(q) = -5*q**2 + 34*q - 34. Give h(9).
-133
Let c(o) = -9*o - 5. Calculate c(-3).
22
Let m(l) = l**2 - 6*l - 22. Give m(8).
-6
Let n(a) = -a**3 + a**2 + a - 41. Give n(0).
-41
Let i(a) = -7*a**3 + a**2 - 2*a + 1. What is i(1)?
-7
Let d(g) = g**3 - 3*g**2 + 4*g + 3. Give d(4).
35
Let t(z) = 36*z + 1. What is t(1)?
37
Let a(x) = 5*x**3 - 2*x**2 - x + 1. Calculate a(1).
3